 Let g be h(0). What is r(g)?
-5
Let x(g) = 3*g**2 - 3 - 4*g + 4*g - 2*g**2 - g. Give x(-3).
9
Let n(x) be the first derivative of 13*x**5/120 + x**4/24 + 11*x**3/3 + 9. Let t(o) be the third derivative of n(o). Suppose 0 = 5*i - 1 + 6. What is t(i)?
-12
Let y(j) be the third derivative of j**5/30 + j**4/12 - j**3/3 + 5*j**2. Calculate y(-2).
2
Let x(c) = c**3 - 4*c**2 - 4*c - 3. Let o be x(5). Let i(n) = 2*n**2 - 2*n - 3. Let t(l) = 1 + 2*l - l**2 + l - 2*l. Let r(k) = 2*i(k) + 5*t(k). What is r(o)?
-3
Suppose 2*j - 10 = -0*j. Let u(q) = 0 - q**2 - 2*q - 1 - j + 8*q. What is u(4)?
2
Let l(u) be the first derivative of 3*u**2/2 + u - 6. Let c(a) = a**2 + a - 4. Let x be c(-3). Suppose 0 = -r + 3, x*k - 3*r + 4 = -3. What is l(k)?
4
Let o(c) = 2*c - 10. Let h be 2/(-9) - (-130)/18. Give o(h).
4
Let k be (-52)/14 + 4/(-14). Let y(x) = x + 5. Let v(m) = -m - 3. Let q(w) = -2*v(w) - 3*y(w). Determine q(k).
-5
Let i(u) = -u**2 + 3*u + 2. Suppose -l + 3 + 2 = 0. Give i(l).
-8
Let h(v) = 2*v + 3. Let w(b) = 4*b**2 - b. Let r be w(1). Calculate h(r).
9
Let b = -33 + 31. Let f(h) = -4*h**2 - 4*h - 3. Give f(b).
-11
Suppose -3*g - g - 96 = 0. Let k be g/(-15) - (-8)/20. Let u(f) = -7*f + 1. Determine u(k).
-13
Let l(c) be the first derivative of 4*c**3/3 - 4*c**2 + 7*c + 1. Let f(b) = -3*b**2 + 7*b - 6. Let w(x) = 3*f(x) + 2*l(x). Give w(4).
0
Suppose -b = 5*m - 22, b - 2*b + 5*m = 28. Let f be (-5 - b)*(-1)/(-2). Let z(t) = 4*t + 10*t + 1 - 5*t. Give z(f).
-8
Let r(q) be the second derivative of -q**3/3 + q**2/2 - q. Suppose 5*i - 3 = -28. Determine r(i).
11
Let u be (-46)/8 + (-4)/16. Let f(c) = -16*c**3 - 36*c**2 + 24*c + 34. Let b(g) = 3*g**3 + 7*g**2 - 5*g - 7. Let o(q) = 11*b(q) + 2*f(q). What is o(u)?
-3
Let j(a) = -3*a - 3. Suppose 0 = -2*x + 3*x - 2. Let k(b) = b**2 - 3*b + 2. Let w be k(x). Let z be w/(-2) + -1 + -1. Determine j(z).
3
Let a(s) = -3*s**3 - 8*s**2 + 2*s - 5. Let q(m) = -10*m**3 - 25*m**2 + 7*m - 14. Let b(y) = -7*a(y) + 2*q(y). Determine b(-6).
7
Let o(s) = -7*s + 2. Let k = 6 + -4. Let z be o(k). Let t be (1 + 21/z)*4. Let l(g) = g**3 + 3*g**2 - 2*g - 2. Calculate l(t).
4
Let d(y) = 2*y + 7. Suppose -3*m = m - 8. Suppose -2*h + m*p - p - 5 = 0, 0 = h + 4*p + 25. Give d(h).
-3
Let i(x) be the first derivative of x**5/20 - x**4/12 + x**2/2 + x + 1. Let h(y) be the first derivative of i(y). Calculate h(1).
1
Let w(b) be the third derivative of b**7/5040 + b**6/240 - b**5/60 - b**2. Let i(j) be the third derivative of w(j). Let s = -21 - -18. Determine i(s).
0
Suppose -y = -4*d - 12 - 12, 2*y + 7 = -3*d. Let c(s) = -9*s + 16. Let i(a) = 4*a - 8. Let f(l) = d*i(l) - 2*c(l). What is f(6)?
-4
Let p(d) = 7 + 3*d + 3*d - d - 4*d. Let t be 2/2 + -5 + 4. Calculate p(t).
7
Let s(l) be the second derivative of 9/2*l**2 + 5/6*l**3 - 6*l + 0 + 1/12*l**4. Determine s(-6).
15
Let s be ((-14)/6)/(1/(-3)). Let g(m) = 5*m**2 + 6*m + 15. Let w(o) = 3*o**2 + 6*o + 12. Let q(a) = 2*g(a) - 3*w(a). Give q(s).
1
Let p(j) be the second derivative of -j**5/20 - j**4/2 + j**3/6 + 2*j**2 - 3*j. Give p(-6).
-2
Let f = 11 + -13. Let m(q) = -q**2 + 2 - 2*q**3 + 0*q - 2*q - 3*q**2. Give m(f).
6
Let a(f) = f**3 + 6*f**2 + f + 2. Let w be (18 - 21) + (-6)/2. Let r be a(w). Let m(i) = i**3 + 3*i**2 + 1. What is m(r)?
-15
Let s = 22 - 25. Let m(n) = n**3 + 5*n**2 + n - 2. Give m(s).
13
Let i(g) = -g**2 - 3 + 1 + 0*g**2 + 3*g. Determine i(2).
0
Suppose 3*c - 1 = 8. Let s(g) be the second derivative of 1/2*g**2 - 1/6*g**c + 0 + 2*g. What is s(5)?
-4
Let o(q) = -q**2 + q + 20. Let h be o(-4). Let n(x) be the second derivative of 4*x + 0*x**2 + 1/12*x**4 + 1/6*x**3 + h - 1/5*x**5. What is n(-1)?
4
Let d(p) = 1 + p + 2 - 1 + 2. What is d(5)?
9
Let c = 13 + -22. Let o(n) = -n - 15. Let q be o(c). Let i(s) = -s**3 - 5*s**2 + 7*s + 8. Determine i(q).
2
Let t(l) = -2 - 1310*l + 2 + 1309*l. Determine t(6).
-6
Let k(w) be the third derivative of -5*w**2 - w**3 + 1/24*w**4 - 1/60*w**5 + 0 + 0*w + 1/120*w**6. What is k(0)?
-6
Let u(k) = k**2 + k - 1. Suppose -4*r - 9 = -3*i, -6*i + 15 = -4*r - i. Give u(r).
-1
Let o = 19 - 19. Let v(g) = g**3 - g. Give v(o).
0
Let r(k) = -2 + 1 - 12*k + 5*k + 11*k**2 + 6*k. What is r(-1)?
11
Let t(c) = -c**2 - 5*c + 5. Let y be t(-6). Let v be (0 + -1)*-1 + 3. Let g(a) = 0 - 1 + v*a**2 - a**2. Determine g(y).
2
Let x(d) be the first derivative of d**3 - 1 + 2*d + 3/2*d**2 + 1/4*d**4. What is x(-2)?
0
Let h(x) = 0*x + 0*x - 5 - 8*x + 6. Determine h(1).
-7
Let u(l) = 2*l - 2. Let d(a) = -4*a - 4. Let m be d(-6). Suppose -2*n = 2*n + m. Let p = n + 7. What is u(p)?
2
Let g(c) = -c**2 - 5*c - 3. Let p be g(-4). Let b(k) = -5*k - 1. Calculate b(p).
-6
Suppose 6*j + 30 = j. Let k(g) be the third derivative of -g**6/120 - g**5/12 + g**4/4 - 7*g**3/6 - 10*g**2. Calculate k(j).
-7
Let x(n) = n**2 - 4*n - 2. Let v = 14 - 10. Suppose 3*o + 4*h = 7*h + 24, 0 = -4*o - 5*h - v. Calculate x(o).
-2
Let c(u) be the first derivative of -u**3/3 + 4*u + 25. Determine c(4).
-12
Let s = 8 - 6. Suppose -d + s*l = l, l = 5*d - 8. Let y(t) be the first derivative of -t**3/3 - t**2 + 3*t + 37. What is y(d)?
-5
Let a(z) = -z**2 + 11*z - 15. Let j be a(10). Let i(k) = k**2 + 6*k + 7. Determine i(j).
2
Let z be (-3)/4 - (-55)/20. Suppose 3*x - 2*q = 30, 3*q + 22 - 2 = z*x. Suppose 0 = l - 3*l + x. Let i(f) = f**2 - 6*f + 1. Calculate i(l).
-4
Let v(t) = 8*t - 22. Let x(j) = 23*j - 64. Let a(n) = -17*v(n) + 6*x(n). Calculate a(7).
4
Let f(v) = v**3 + 6*v**2 + 4*v + 6. Let n(t) = t**3 + 6*t**2 + 3*t + 7. Let y(d) = 3*f(d) - 2*n(d). Calculate y(-5).
-1
Let d(k) be the second derivative of -k**7/2520 + k**6/240 + k**5/60 + k**4/3 + k. Let a(v) be the third derivative of d(v). What is a(3)?
2
Let x(n) = -n**3 - 2*n**2 - 3*n - 1. Suppose 2*l = 1 + 9. Suppose r = -4*g + 9 + l, 14 = 3*r + 5*g. What is x(r)?
5
Let g(a) = a - 3. Let s be g(3). Let j(h) = -h**2 - 3 + h + s*h**2 - h + 5*h. Calculate j(5).
-3
Let a(r) = 3*r**2 - 12*r + 4. Let v be a(3). Let l be 0 - 0 - (2 + 0). Let k(d) = 2*d + 9. Let b(w) = w + 4. Let s(p) = l*k(p) + 5*b(p). What is s(v)?
-3
Let a be (-18)/4*16/12. Let x(f) = 6 - 4*f - f**2 - 2*f + 0*f**2. Give x(a).
6
Let s(a) be the second derivative of a - 1/6*a**3 + 0*a**2 + 0 + 1/6*a**4 - 1/120*a**5. Let z(h) be the second derivative of s(h). Determine z(0).
4
Let b(x) = 6 + 7 - 4 - 2*x. Let d(z) = -z + 4. Let s(o) = -2*b(o) + 5*d(o). Suppose -6*j = j + 14. Determine s(j).
4
Let h(t) = t**2 + 1 + 8*t**2 - 2 - 7*t**2. Let r(l) = -3*l**2 + l + 2. Let s be (-3)/(2/(-1 - -3)). Let g(w) = s*r(w) - 4*h(w). Give g(4).
2
Let n(u) be the first derivative of -u**3/6 + 2*u**2 - 3*u + 2. Let a(g) be the first derivative of n(g). Calculate a(5).
-1
Let b(v) = -v - 2. Let u be (0 - (-3)/(-3))*7. Let d be -1 - (0 - 1 - -12). Let l = u - d. Calculate b(l).
-7
Let u(q) be the first derivative of q**2 - 8. Give u(3).
6
Let q = 18 - 19. Let o(b) = -16*b**3 + b**2 - 1. Calculate o(q).
16
Let s(w) be the third derivative of w**6/120 - w**5/15 - w**4/4 + w**3/6 - w**2. Let h be (4 - 4) + 4 - -1. Give s(h).
-4
Let c(y) be the second derivative of y**4/4 + y**3/6 + 31*y. Give c(-2).
10
Suppose 0*i + i = r - 2, -8 = 2*r. Let s(c) = c**2 + 10*c + 7. Give s(i).
-17
Let f(b) = b**2 + 6*b + 4. Let v(o) = -o**2 + 2*o + 4. Let g be v(0). Suppose -g*a - 21 - 3 = 0. Determine f(a).
4
Let a be ((-6)/7 - 0)/(3/21). Let o(s) = s**3 + 5*s**2 - 6*s - 1. Give o(a).
-1
Let l(q) = q**3 - 6*q**2 + 6*q + 4. Let a(y) = 2*y - 13. Let m be a(9). Determine l(m).
9
Let h(x) = x + 5. Let r be (1 - 2)/((-1)/(-8)). Let u = -2 + 6. Let z = u + r. What is h(z)?
1
Let d(y) be the second derivative of 3*y**5/20 - y**4/12 - 32*y. Determine d(1).
2
Suppose m - 2*m + 2*c = 1, 0 = -5*m - 2*c + 19. Suppose -2 = 5*l - 7. Let f(w) = -2*w - 4. Let o(p) = -1. Let i(a) = l*f(a) - 3*o(a). What is i(m)?
-7
Let j(t) = 9*t - 14. Let l = 8 - 21. Let i(b) = 4*b - 7. Let s(x) = l*i(x) + 6*j(x). Let a(d) = -2*d - 8. Let k(r) = 3*a(r) + 4*s(r). Give k(-5).
-6
Let l(t) = t - 6. Let s be 5/20 + 47/4. Let y be l(s). Let q(v) = -21*v + 2. Let k(z) = -11*z + 1. Let f(x) = y*q(x) - 11*k(x). What is f(-1)?
6
Suppose 20 = 3*z + 8. Let w(j) = -105 + 5*j - z*j + 106. Give w(3).
4
Let w(q) = 2*q**2 + 12*q + 19. Let s be w(-2). Let y(c) be t